{"id":1049,"date":"2017-09-05T16:24:37","date_gmt":"2017-09-05T16:24:37","guid":{"rendered":"http:\/\/imess.com\/?page_id=1049"},"modified":"2025-07-23T15:21:32","modified_gmt":"2025-07-23T15:21:32","slug":"impressum","status":"publish","type":"page","link":"https:\/\/imess.com\/en\/impressum\/","title":{"rendered":"Imprint"},"content":{"rendered":"<div class=\"wpb-content-wrapper\"><p><\/p>\n<p>[vc_row css=&#8221;.vc_custom_1511966983279{padding-top: 70px !important;}&#8221;][vc_column]<div id=\"ultimate-heading-155369f091c14b329\" class=\"uvc-heading ult-adjust-bottom-margin ultimate-heading-155369f091c14b329 uvc-1448 \" data-hspacer=\"no_spacer\"  data-halign=\"left\" style=\"text-align:left\"><div class=\"uvc-heading-spacer no_spacer\" style=\"top\"><\/div><div class=\"uvc-main-heading ult-responsive\"  data-ultimate-target='.uvc-heading.ultimate-heading-155369f091c14b329 h3'  data-responsive-json-new='{\"font-size\":\"desktop:16px;\",\"line-height\":\"\"}' ><h3 style=\"font-weight:bold;\">Anschrift<\/h3><\/div><\/div>[\/vc_column][\/vc_row][vc_row css=&#8221;.vc_custom_1504641235670{padding-top: 15px !important;}&#8221;][vc_column][vc_column_text]<\/p>\n<div class=\"impressum-text\">imess Optische Mess- und Pr\u00fcfanlagen GmbH<br \/>\nStockumer Stra\u00dfe 28<br \/>\nD &#8211; 58453 Witten<\/div>\n<div class=\"impressum-text\">Fon: +49 (0) 2302 96 888-0<br \/>\nFax:\u00a0 +49 (0) 2302 96 888-16<\/div>\n<div>Mail:\u00a0<span id=\"cloak7398\"><a href=\"mailto:info@imess.com\">info@imess.com<\/a><\/span><\/div>\n<div class=\"impressum-text\"><span id=\"cloak7398\"><\/span>Amtsgericht Bochum HRB 8419<br \/>\nUst-IdNr. DE 194 180 743<\/div>\n<p>[\/vc_column_text][\/vc_column][\/vc_row][vc_row][vc_column]<div id=\"ultimate-heading-822669f091c14b34e\" class=\"uvc-heading ult-adjust-bottom-margin ultimate-heading-822669f091c14b34e uvc-8510 \" data-hspacer=\"no_spacer\"  data-halign=\"left\" style=\"text-align:left\"><div class=\"uvc-heading-spacer no_spacer\" style=\"top\"><\/div><div class=\"uvc-main-heading ult-responsive\"  data-ultimate-target='.uvc-heading.ultimate-heading-822669f091c14b34e h3'  data-responsive-json-new='{\"font-size\":\"desktop:16px;\",\"line-height\":\"\"}' ><h3 style=\"font-weight:bold;\">Vertretungsberechtigte<\/h3><\/div><\/div>[\/vc_column][\/vc_row][vc_row css=&#8221;.vc_custom_1504641288580{padding-top: 15px !important;}&#8221;][vc_column][vc_column_text css=&#8221;&#8221;]<\/p>\n<div class=\"impressum-text\">\n<div class=\"impressum-ueberschrift\"><\/div>\n<div>B. Sc. Patrick Telders (Gesch\u00e4ftsf\u00fchrer)<\/div>\n<div>Stephan K\u00f6nig (Gesch\u00e4ftsf\u00fchrer)<\/div>\n<div class=\"impressum-text\">Diplom-Informatiker Christian G\u00fclker (Gesch\u00e4ftsf\u00fchrer)<\/div>\n<\/div>\n<p>[\/vc_column_text][\/vc_column][\/vc_row][vc_row][vc_column]<div id=\"ultimate-heading-501469f091c14b385\" class=\"uvc-heading ult-adjust-bottom-margin ultimate-heading-501469f091c14b385 uvc-1741 \" data-hspacer=\"no_spacer\"  data-halign=\"left\" style=\"text-align:left\"><div class=\"uvc-heading-spacer no_spacer\" style=\"top\"><\/div><div class=\"uvc-main-heading ult-responsive\"  data-ultimate-target='.uvc-heading.ultimate-heading-501469f091c14b385 h3'  data-responsive-json-new='{\"font-size\":\"desktop:16px;\",\"line-height\":\"\"}' ><h3 style=\"font-weight:bold;\">Rechtshinweis und Datenschutz<\/h3><\/div><\/div>[\/vc_column][\/vc_row][vc_row css=&#8221;.vc_custom_1504641303083{padding-top: 15px !important;}&#8221;][vc_column][vc_column_text]<\/p>\n<div class=\"impressum-text\">\n<div>Zur <a href=\"http:\/\/imess.com\/wp-content\/uploads\/2018\/05\/Datenschutzerkl\u00e4rung.pdf\">Datenschutzerkl\u00e4rung<\/a><\/div>\n<div class=\"impressum-ueberschrift\">Inhalt und Struktur dieser Webseiten sind urheberrechtlich gesch\u00fctzt. Die Vervielf\u00e4ltigung von Informationen und Daten bedarf der vorherigen schriftlichen Zustimmung von imess. Dies gilt insbesondere f\u00fcr die Verwendung von Texten oder Bildmaterial.<\/div>\n<div class=\"impressum-text\">\n<p>Die vorhandenen Links sind ein Service von imess. imess \u00fcbernimmt keinerlei Verantwortung f\u00fcr die dahinterstehenden Inhalte und Angebote und distanziert sich ausdr\u00fccklich vom Inhalt dieser Webseiten.<\/p>\n<p>Beim Zugriff auf die Webseiten werden keinerlei personenbezogene Daten gespeichert. Lediglich bei der Anmeldung im Downloadbereich werden die eingegebenen Daten zu Anmeldezwecken aufgenommen. Sie dienen ausschlie\u00dflich diesem Zweck und werden gem\u00e4\u00df der datenschutzrechtlichen Bestimmungen verarbeitet.<\/p><\/div>\n<div class=\"impressum-text\"><\/div>\n<\/div>\n<p>[\/vc_column_text][\/vc_column][\/vc_row][vc_row][vc_column]<div id=\"ultimate-heading-90769f091c14b3aa\" class=\"uvc-heading ult-adjust-bottom-margin ultimate-heading-90769f091c14b3aa uvc-1847 \" data-hspacer=\"no_spacer\"  data-halign=\"left\" style=\"text-align:left\"><div class=\"uvc-heading-spacer no_spacer\" style=\"top\"><\/div><div class=\"uvc-main-heading ult-responsive\"  data-ultimate-target='.uvc-heading.ultimate-heading-90769f091c14b3aa h3'  data-responsive-json-new='{\"font-size\":\"desktop:16px;\",\"line-height\":\"\"}' ><h3 style=\"font-weight:bold;\">Trackingtool<\/h3><\/div><\/div>[\/vc_column][\/vc_row][vc_row css=&#8221;.vc_custom_1504641335793{padding-top: 15px !important;}&#8221;][vc_column][vc_column_text]<\/p>\n<div class=\"impressum-text\">\n<div>[google_analytics_optout]Klicken Sie hier, um das Tracking zu unterbinden[\/google_analytics_optout]<\/div>\n<div><\/div>\n<div class=\"impressum-text\">Diese Website benutzt Google Analytics, einen Webanalysedienst der Google Inc. (\u201eGoogle\u201c). Google Analytics verwendet sog. \u201eCookies\u201c, Textdateien, die auf Ihrem Computer gespeichert werden und die eine Analyse der Benutzung der Website durch Sie erm\u00f6glichen. Die durch den Cookie erzeugten Informationen \u00fcber Ihre Benutzung dieser Website werden in der Regel an einen Server von Google in den USA \u00fcbertragen und dort gespeichert. Im Falle der Aktivierung der IP-Anonymisierung auf dieser Webseite, wird Ihre IP-Adresse von Google jedoch innerhalb von Mitgliedstaaten der Europ\u00e4ischen Union oder in anderen Vertragsstaaten des Abkommens \u00fcber den Europ\u00e4ischen Wirtschaftsraum zuvor gek\u00fcrzt. Nur in Ausnahmef\u00e4llen wird die volle IP-Adresse an einen Server von Google in den USA \u00fcbertragen und dort gek\u00fcrzt. Im Auftrag des Betreibers dieser Website wird Google diese Informationen benutzen, um Ihre Nutzung der Website auszuwerten, um Reports \u00fcber die Websiteaktivit\u00e4ten zusammenzustellen und um weitere mit der Websitenutzung und der Internetnutzung verbundene Dienstleistungen gegen\u00fcber dem Websitebetreiber zu erbringen. Die im Rahmen von Google Analytics von Ihrem Browser \u00fcbermittelte IP-Adresse wird nicht mit anderen Daten von Google zusammengef\u00fchrt. Sie k\u00f6nnen die Speicherung der Cookies durch eine entsprechende Einstellung Ihrer Browser-Software verhindern; wir weisen Sie jedoch darauf hin, dass Sie in diesem Fall gegebenenfalls nicht s\u00e4mtliche Funktionen dieser Website vollumf\u00e4nglich werden nutzen k\u00f6nnen. Sie k\u00f6nnen dar\u00fcber hinaus die Erfassung der durch das Cookie erzeugten und auf Ihre Nutzung der Website bezogenen Daten (inkl. Ihrer IP-Adresse) an Google sowie die Verarbeitung dieser Daten durch Google verhindern, indem sie das unter dem folgenden Link verf\u00fcgbare Browser-Plugin herunterladen und installieren: http:\/\/tools.google.com\/dlpage\/gaoptout?hl=de<\/div>\n<div><\/div>\n<div class=\"impressum-text\"><\/div>\n<div class=\"impressum-text\">\n<blockquote class=\"ts-entry-content-blockquote-muster\">\n<p>&nbsp;<\/p>\n<\/blockquote>\n<\/div>\n<\/div>\n<p>[\/vc_column_text][\/vc_column][\/vc_row][vc_row][vc_column]<div id=\"ultimate-heading-173069f091c14b3d0\" class=\"uvc-heading ult-adjust-bottom-margin ultimate-heading-173069f091c14b3d0 uvc-8898 \" data-hspacer=\"no_spacer\"  data-halign=\"left\" style=\"text-align:left\"><div class=\"uvc-heading-spacer no_spacer\" style=\"top\"><\/div><div class=\"uvc-main-heading ult-responsive\"  data-ultimate-target='.uvc-heading.ultimate-heading-173069f091c14b3d0 h3'  data-responsive-json-new='{\"font-size\":\"desktop:16px;\",\"line-height\":\"\"}' ><h3 style=\"font-weight:bold;\">Konzeption, Design &amp; technische Realisation der Website<\/h3><\/div><\/div>[\/vc_column][\/vc_row][vc_row css=&#8221;.vc_custom_1504641350477{padding-top: 15px !important;}&#8221;][vc_column][vc_column_text]<\/p>\n<div class=\"impressum-text\">\n<div class=\"impressum-text\">jil&amp;jul. B\u00fcro f\u00fcr Websites<\/div>\n<div>Professionelles Marketing &amp; Websites. Made in Ruhrgebiet.<\/div>\n<div>Web:\u00a0<a href=\"http:\/\/www.jiljul.de\">www.jiljul.de<\/a><\/div>\n<div>Mail: <a href=\"mailto:info@jiljul.de\">info@jiljul.de<\/a><\/div>\n<\/div>\n<p>[\/vc_column_text][\/vc_column][\/vc_row]<\/p>\n<p><\/p>\n<\/div>","protected":false},"excerpt":{"rendered":"<p>[vc_row css=&#8221;.vc_custom_1511966983279{padding-top: 70px !important;}&#8221;][vc_column][\/vc_column][\/vc_row][vc_row css=&#8221;.vc_custom_1504641235670{padding-top: 15px !important;}&#8221;][vc_column][vc_column_text] imess Optische Mess- und Pr\u00fcfanlagen GmbH Stockumer Stra\u00dfe 28 D &#8211; 58453 Witten Fon: +49 (0) 2302 96 888-0 Fax:\u00a0 +49 (0) 2302 96 888-16 Mail:\u00a0info@imess.com Amtsgericht Bochum HRB 8419 Ust-IdNr. DE 194 180 743 [\/vc_column_text][\/vc_column][\/vc_row][vc_row][vc_column][\/vc_column][\/vc_row][vc_row css=&#8221;.vc_custom_1504641288580{padding-top: 15px !important;}&#8221;][vc_column][vc_column_text css=&#8221;&#8221;] B. Sc. Patrick Telders (Gesch\u00e4ftsf\u00fchrer) Stephan K\u00f6nig (Gesch\u00e4ftsf\u00fchrer)&hellip;<\/p>\n","protected":false},"author":8,"featured_media":0,"parent":0,"menu_order":0,"comment_status":"closed","ping_status":"closed","template":"","meta":{"_exactmetrics_skip_tracking":false,"_exactmetrics_sitenote_active":false,"_exactmetrics_sitenote_note":"","_exactmetrics_sitenote_category":0,"footnotes":""},"class_list":["post-1049","page","type-page","status-publish","hentry","description-off"],"_links":{"self":[{"href":"https:\/\/imess.com\/en\/wp-json\/wp\/v2\/pages\/1049"}],"collection":[{"href":"https:\/\/imess.com\/en\/wp-json\/wp\/v2\/pages"}],"about":[{"href":"https:\/\/imess.com\/en\/wp-json\/wp\/v2\/types\/page"}],"author":[{"embeddable":true,"href":"https:\/\/imess.com\/en\/wp-json\/wp\/v2\/users\/8"}],"replies":[{"embeddable":true,"href":"https:\/\/imess.com\/en\/wp-json\/wp\/v2\/comments?post=1049"}],"version-history":[{"count":42,"href":"https:\/\/imess.com\/en\/wp-json\/wp\/v2\/pages\/1049\/revisions"}],"predecessor-version":[{"id":4631,"href":"https:\/\/imess.com\/en\/wp-json\/wp\/v2\/pages\/1049\/revisions\/4631"}],"wp:attachment":[{"href":"https:\/\/imess.com\/en\/wp-json\/wp\/v2\/media?parent=1049"}],"curies":[{"name":"wp","href":"https:\/\/api.w.org\/{rel}","templated":true}]}}

<div class="wpb-content-wrapper"><p></p>
<p>[vc_row css=&#8221;.vc_custom_1511966983279{padding-top: 70px !important;}&#8221;][vc_column]<div id="ultimate-heading-155369f091c14b329" class="uvc-heading ult-adjust-bottom-margin ultimate-heading-155369f091c14b329 uvc-1448 " data-hspacer="no_spacer"  data-halign="left" style="text-align:left"><div class="uvc-heading-spacer no_spacer" style="top"></div><div class="uvc-main-heading ult-responsive"  data-ultimate-target='.uvc-heading.ultimate-heading-155369f091c14b329 h3'  data-responsive-json-new='{"font-size":"desktop:16px;","line-height":""}' ><h3 style="font-weight:bold;">Anschrift</h3></div></div>[/vc_column][/vc_row][vc_row css=&#8221;.vc_custom_1504641235670{padding-top: 15px !important;}&#8221;][vc_column][vc_column_text]</p>
<div class="impressum-text">imess Optische Mess- und Prüfanlagen GmbH<br />
Stockumer Straße 28<br />
D &#8211; 58453 Witten</div>
<div class="impressum-text">Fon: +49 (0) 2302 96 888-0<br />
Fax:  +49 (0) 2302 96 888-16</div>
<div>Mail: <span id="cloak7398"><a href="mailto:info@imess.com">info@imess.com</a></span></div>
<div class="impressum-text"><span id="cloak7398"></span>Amtsgericht Bochum HRB 8419<br />
Ust-IdNr. DE 194 180 743</div>
<p>[/vc_column_text][/vc_column][/vc_row][vc_row][vc_column]<div id="ultimate-heading-822669f091c14b34e" class="uvc-heading ult-adjust-bottom-margin ultimate-heading-822669f091c14b34e uvc-8510 " data-hspacer="no_spacer"  data-halign="left" style="text-align:left"><div class="uvc-heading-spacer no_spacer" style="top"></div><div class="uvc-main-heading ult-responsive"  data-ultimate-target='.uvc-heading.ultimate-heading-822669f091c14b34e h3'  data-responsive-json-new='{"font-size":"desktop:16px;","line-height":""}' ><h3 style="font-weight:bold;">Vertretungsberechtigte</h3></div></div>[/vc_column][/vc_row][vc_row css=&#8221;.vc_custom_1504641288580{padding-top: 15px !important;}&#8221;][vc_column][vc_column_text css=&#8221;&#8221;]</p>
<div class="impressum-text">
<div class="impressum-ueberschrift"></div>
<div>B. Sc. Patrick Telders (Geschäftsführer)</div>
<div>Stephan König (Geschäftsführer)</div>
<div class="impressum-text">Diplom-Informatiker Christian Gülker (Geschäftsführer)</div>
</div>
<p>[/vc_column_text][/vc_column][/vc_row][vc_row][vc_column]<div id="ultimate-heading-501469f091c14b385" class="uvc-heading ult-adjust-bottom-margin ultimate-heading-501469f091c14b385 uvc-1741 " data-hspacer="no_spacer"  data-halign="left" style="text-align:left"><div class="uvc-heading-spacer no_spacer" style="top"></div><div class="uvc-main-heading ult-responsive"  data-ultimate-target='.uvc-heading.ultimate-heading-501469f091c14b385 h3'  data-responsive-json-new='{"font-size":"desktop:16px;","line-height":""}' ><h3 style="font-weight:bold;">Rechtshinweis und Datenschutz</h3></div></div>[/vc_column][/vc_row][vc_row css=&#8221;.vc_custom_1504641303083{padding-top: 15px !important;}&#8221;][vc_column][vc_column_text]</p>
<div class="impressum-text">
<div>Zur <a href="http://imess.com/wp-content/uploads/2018/05/Datenschutzerklärung.pdf">Datenschutzerklärung</a></div>
<div class="impressum-ueberschrift">Inhalt und Struktur dieser Webseiten sind urheberrechtlich geschützt. Die Vervielfältigung von Informationen und Daten bedarf der vorherigen schriftlichen Zustimmung von imess. Dies gilt insbesondere für die Verwendung von Texten oder Bildmaterial.</div>
<div class="impressum-text">
<p>Die vorhandenen Links sind ein Service von imess. imess übernimmt keinerlei Verantwortung für die dahinterstehenden Inhalte und Angebote und distanziert sich ausdrücklich vom Inhalt dieser Webseiten.</p>
<p>Beim Zugriff auf die Webseiten werden keinerlei personenbezogene Daten gespeichert. Lediglich bei der Anmeldung im Downloadbereich werden die eingegebenen Daten zu Anmeldezwecken aufgenommen. Sie dienen ausschließlich diesem Zweck und werden gemäß der datenschutzrechtlichen Bestimmungen verarbeitet.</p></div>
<div class="impressum-text"></div>
</div>
<p>[/vc_column_text][/vc_column][/vc_row][vc_row][vc_column]<div id="ultimate-heading-90769f091c14b3aa" class="uvc-heading ult-adjust-bottom-margin ultimate-heading-90769f091c14b3aa uvc-1847 " data-hspacer="no_spacer"  data-halign="left" style="text-align:left"><div class="uvc-heading-spacer no_spacer" style="top"></div><div class="uvc-main-heading ult-responsive"  data-ultimate-target='.uvc-heading.ultimate-heading-90769f091c14b3aa h3'  data-responsive-json-new='{"font-size":"desktop:16px;","line-height":""}' ><h3 style="font-weight:bold;">Trackingtool</h3></div></div>[/vc_column][/vc_row][vc_row css=&#8221;.vc_custom_1504641335793{padding-top: 15px !important;}&#8221;][vc_column][vc_column_text]</p>
<div class="impressum-text">
<div>[google_analytics_optout]Klicken Sie hier, um das Tracking zu unterbinden[/google_analytics_optout]</div>
<div></div>
<div class="impressum-text">Diese Website benutzt Google Analytics, einen Webanalysedienst der Google Inc. („Google“). Google Analytics verwendet sog. „Cookies“, Textdateien, die auf Ihrem Computer gespeichert werden und die eine Analyse der Benutzung der Website durch Sie ermöglichen. Die durch den Cookie erzeugten Informationen über Ihre Benutzung dieser Website werden in der Regel an einen Server von Google in den USA übertragen und dort gespeichert. Im Falle der Aktivierung der IP-Anonymisierung auf dieser Webseite, wird Ihre IP-Adresse von Google jedoch innerhalb von Mitgliedstaaten der Europäischen Union oder in anderen Vertragsstaaten des Abkommens über den Europäischen Wirtschaftsraum zuvor gekürzt. Nur in Ausnahmefällen wird die volle IP-Adresse an einen Server von Google in den USA übertragen und dort gekürzt. Im Auftrag des Betreibers dieser Website wird Google diese Informationen benutzen, um Ihre Nutzung der Website auszuwerten, um Reports über die Websiteaktivitäten zusammenzustellen und um weitere mit der Websitenutzung und der Internetnutzung verbundene Dienstleistungen gegenüber dem Websitebetreiber zu erbringen. Die im Rahmen von Google Analytics von Ihrem Browser übermittelte IP-Adresse wird nicht mit anderen Daten von Google zusammengeführt. Sie können die Speicherung der Cookies durch eine entsprechende Einstellung Ihrer Browser-Software verhindern; wir weisen Sie jedoch darauf hin, dass Sie in diesem Fall gegebenenfalls nicht sämtliche Funktionen dieser Website vollumfänglich werden nutzen können. Sie können darüber hinaus die Erfassung der durch das Cookie erzeugten und auf Ihre Nutzung der Website bezogenen Daten (inkl. Ihrer IP-Adresse) an Google sowie die Verarbeitung dieser Daten durch Google verhindern, indem sie das unter dem folgenden Link verfügbare Browser-Plugin herunterladen und installieren: http://tools.google.com/dlpage/gaoptout?hl=de</div>
<div></div>
<div class="impressum-text"></div>
<div class="impressum-text">
<blockquote class="ts-entry-content-blockquote-muster">
<p>&nbsp;</p>
</blockquote>
</div>
</div>
<p>[/vc_column_text][/vc_column][/vc_row][vc_row][vc_column]<div id="ultimate-heading-173069f091c14b3d0" class="uvc-heading ult-adjust-bottom-margin ultimate-heading-173069f091c14b3d0 uvc-8898 " data-hspacer="no_spacer"  data-halign="left" style="text-align:left"><div class="uvc-heading-spacer no_spacer" style="top"></div><div class="uvc-main-heading ult-responsive"  data-ultimate-target='.uvc-heading.ultimate-heading-173069f091c14b3d0 h3'  data-responsive-json-new='{"font-size":"desktop:16px;","line-height":""}' ><h3 style="font-weight:bold;">Konzeption, Design &amp; technische Realisation der Website</h3></div></div>[/vc_column][/vc_row][vc_row css=&#8221;.vc_custom_1504641350477{padding-top: 15px !important;}&#8221;][vc_column][vc_column_text]</p>
<div class="impressum-text">
<div class="impressum-text">jil&amp;jul. Büro für Websites</div>
<div>Professionelles Marketing &amp; Websites. Made in Ruhrgebiet.</div>
<div>Web: <a href="http://www.jiljul.de">www.jiljul.de</a></div>
<div>Mail: <a href="mailto:info@jiljul.de">info@jiljul.de</a></div>
</div>
<p>[/vc_column_text][/vc_column][/vc_row]</p>
<p></p>
</div>

<p>[vc_row css=&#8221;.vc_custom_1511966983279{padding-top: 70px !important;}&#8221;][vc_column][/vc_column][/vc_row][vc_row css=&#8221;.vc_custom_1504641235670{padding-top: 15px !important;}&#8221;][vc_column][vc_column_text] imess Optische Mess- und Prüfanlagen GmbH Stockumer Straße 28 D &#8211; 58453 Witten Fon: +49 (0) 2302 96 888-0 Fax:  +49 (0) 2302 96 888-16 Mail: info@imess.com Amtsgericht Bochum HRB 8419 Ust-IdNr. DE 194 180 743 [/vc_column_text][/vc_column][/vc_row][vc_row][vc_column][/vc_column][/vc_row][vc_row css=&#8221;.vc_custom_1504641288580{padding-top: 15px !important;}&#8221;][vc_column][vc_column_text css=&#8221;&#8221;] B. Sc. Patrick Telders (Geschäftsführer) Stephan König (Geschäftsführer)&hellip;</p>
